ided by w(0)?
18
What is the remainder when 16*(2*2 + -2) is divided by 106/10 - 4/(-10)?
10
Suppose b + 3*p = -b + 35, 0 = 3*b - 4*p - 78. What is the remainder when 64 is divided by b?
20
Let u(z) = -z**3 - 7*z**2 - 10*z - 8. Let f = 577 + -393. Suppose 0 = 4*m + 60 - f. What is the remainder when m is divided by u(-6)?
15
Let y(x) = -3*x**2 - 5*x - 6. Let u be y(-5). Let b = 79 + u. Suppose -6*z - 3*z = -72. Calculate the remainder when b is divided by z.
7
What is the remainder when 32 is divided by (-136)/4*1/(-2)?
15
Suppose -2*r + 2*i = r - 9, 3*i = -2*r - 7. Calculate the remainder when 3 is divided by r.
0
Suppose 5*h = 7*h - 176. Calculate the remainder when h is divided by 18.
16
Let c(u) = -4*u - 1. Let x be c(-2). Let p(s) = s**3 - 8*s**2 + 8*s - 1. Let v = -19 + 29. What is the remainder when v is divided by p(x)?
4
What is the remainder when -4*(178/(-8) + 2) is divided by 21?
18
Let j(n) = n + 11. What is the remainder when j(4) is divided by 2/(1 - 0) + 6?
7
Let d be (-4)/2 - (-1)/(-1). Calculate the remainder when ((-105)/(-28))/(d/(-32)) is divided by 14.
12
Suppose -2*h = -2 - 6. Suppose -2 + h = 2*w. Calculate the remainder when 2 is divided by w.
0
Let q(m) = 2*m**2 - 20*m + 20. What is the remainder when 58 is divided by q(10)?
18
Suppose 5*c - 16 + 46 = 5*f, 0 = 5*f - 3*c - 20. Let b(y) = -3*y + 7 + f - 5*y. Calculate the remainder when b(-6) is divided by 19.
18
Let t = -3 + 8. Calculate the remainder when (-6)/(-15) + 78/t is divided by (-2)/(-9) - (-158)/18.
7
Let l = 18 + -2. Suppose -3*o + 15 = 4*w, -3 + 24 = o - 4*w. What is the remainder when l is divided by o?
7
Suppose 3 + 9 = 3*d. Suppose -l - 2*l - 2*v + 40 = 0, -d*v = -3*l + 28. Calculate the remainder when 34 is divided by l.
10
Let d(a) = -47*a**3 + a**2 + a + 1. Let w be d(-1). Let b be (-1 - (-38)/4)*-2. Let y = w + b. Calculate the remainder when y is divided by 11.
9
Suppose 0 = 5*v + 10 - 70. What is the remainder when v is divided by 7?
5
Suppose -4*m + 12 = 3*z, 3*m = 3*z + z - 16. Suppose 3 = o + 2*a, 0 = z*o + a + a - 24. Calculate the remainder when 11 is divided by o.
4
Let c(x) = 2*x**3 - 2*x**2 - 4*x - 3. Let t be c(4). Suppose 23 = -3*b + t. What is the remainder when 34 is divided by b?
16
Calculate the remainder when 82 is divided by 3/4 - 21/(-4).
4
Let j(w) = -60*w**2 + 2*w + 2. Let c be j(2). What is the remainder when 44 is divided by c/(-10) - (-10)/(-25)?
21
Let d(a) = a**2 + 4*a - 6. What is the remainder when d(-8) is divided by 14?
12
Let x = 26 + -26. Suppose x*r + 20 = 5*r - 5*a, -2*a + 48 = 5*r. Calculate the remainder when 38 is divided by r.
6
Suppose l - 311 = -4*v, 5*v - 2*l - 3*l - 395 = 0. Calculate the remainder when v is divided by 20.
18
Suppose -2*x + 5*p = 2*x - 17, 3 = p. Let f = -5 + x. Calculate the remainder when 9 is divided by 36/(-8)*(-4)/f.
3
Let w = -9 + 19. Suppose -3*i = 2*i + 4*y - 745, 3*y = 3*i - 420. Suppose 5*p - i = -0*p. Calculate the remainder when p is divided by w.
9
Let d(l) = -l + 41. Suppose -3*x = -0*x + 108. Calculate the remainder when d(20) is divided by (x/(-16))/((-6)/(-16)).
3
What is the remainder when (-333)/(-5) + (-4 - 22/(-5)) is divided by 17?
16
Suppose 2*f = 2*o, o - 7 = 3*f + 1. Let v = o + 8. Suppose -k = c + 4*c - 83, v*c - 66 = -k. Calculate the remainder when c is divided by 9.
8
Let i(r) = r**3 - 8*r**2 + 5*r - 5. Let b = -23 + 31. Let u = -6 - -24. What is the remainder when i(b) is divided by u?
17
Suppose -2*v = -7*v + 75. Let k(r) be the second derivative of -4*r**3/3 + 3*r**2/2 + r. Calculate the remainder when k(-5) is divided by v.
13
Let m(u) = -2*u + 20. Calculate the remainder when 13 is divided by m(6).
5
Suppose -4*c - 5*u + 15 = -0*u, 4*u = 4*c - 24. Suppose -4*v - j = 2*j + 279, c*j = 4*v + 239. What is the remainder when (1 - 5)*v/8 is divided by 17?
16
Suppose l + 23 = -2*i + 4*i, 5*i - l = 56. Let j = 8 - 6. Let c(r) = 3*r**3 + 2*r**2 - 1. Calculate the remainder when c(j) is divided by i.
9
Suppose 26 = 2*t - 5*w, -t - 5*w = 2 - 15. Suppose 0 = -o - 2*o. Suppose 4 = q - 0*q + 3*y, q - 3*y - 10 = o. What is the remainder when t is divided by q?
6
Let m(j) = j**2 + 2*j - 1. Let u be m(3). Suppose 0 = -g + 1, 5*s - 2*g = -3*g - u. What is the remainder when s/(-9) - (-136)/6 is divided by 8?
7
Suppose 0 = r - 0*r. Suppose 5*o + 27 - 2 = 0, r = -4*s + 2*o + 38. Calculate the remainder when 13 is divided by s.
6
Let o = -1 - 1. Let y be o/8 - (-161)/4. Suppose -4*p = -2*p - y. Calculate the remainder when p is divided by 11.
9
Let j(g) = g**3 - 9*g**2 - g + 11. Let z be j(9). Suppose -k - 23 = -z*v, -2*v = -7*v + 4*k + 59. What is the remainder when v is divided by 6?
5
Suppose 75 - 51 = 3*i. What is the remainder when 46 is divided by i?
6
Let g = 62 - 35. Let y = 60 - g. What is the remainder when y is divided by 9?
6
Let r(i) = -i - 16. Let v be r(-7). Let u(q) = q**2 + 6*q - 1. Let o = -112 - -163. Calculate the remainder when o is divided by u(v).
25
Suppose 2*q - 14 = -d + 76, 0 = -3*q - d + 133. Suppose -q = -m - 0*m. What is the remainder when m is divided by 11?
10
Let v(c) = 9*c**2 + c. Calculate the remainder when 29 is divided by v(-1).
5
Suppose 4*f + 26 = 5*i, 4*i - f - 12 = -0*i. Suppose -3*y + 2*g = -6*y + 35, y = i*g + 9. Calculate the remainder when y is divided by 3.
2
Suppose -4*l = 0, -5*l = 4*u - 0*u - 88. Calculate the remainder when 64 is divided by u.
20
Let m(k) be the second derivative of k**4/6 - k**3/3 - k**2 - 2*k. Calculate the remainder when m(5) is divided by 13.
12
Suppose 0 = -4*j + 51 - 15. Calculate the remainder when 34 is divided by j.
7
Suppose -214*n = -216*n + 26. What is the remainder when 180 is divided by n?
11
Let s be ((-57)/(-9))/((-4)/12). Let n = 38 + s. Calculate the remainder when n is divided by 10.
9
Let r(k) = -k + 2. What is the remainder when 2/(-15) - (-1670)/150 is divided by r(-2)?
3
Suppose -8*r + 479 = -185. What is the remainder when r is divided by 17?
15
Let r(d) = d**3 + 7*d**2 - 4*d - 6. Suppose 0 = 5*t + 11 - 1. Let s(m) = 4*m + 1. Let v be s(t). Calculate the remainder when r(v) is divided by 12.
10
What is the remainder when 34 is divided by 175/10*2/5?
6
Suppose -38 = -4*g + f, -5*g - 3*f = -22 - 34. What is the remainder when g is divided by 3?
1
Let r = -124 + 181. What is the remainder when r is divided by 20?
17
Let w = -48 - -83. Let n = 21 + -12. Calculate the remainder when w is divided by (10 - 1)*12/n.
11
Suppose -2*s = -3*s + 35. Suppose -3*x + 4*j - 6*j + 5 = 0, 0 = 4*x - 3*j - s. What is the remainder when 9 is divided by x?
4
Calculate the remainder when (-20)/70 + (-450)/(-7) is divided by 13.
12
Let o(n) = -18*n - 3. Let w(f) = 6*f + 1. Let i(h) = 2*o(h) + 7*w(h). Calculate the remainder when 74 is divided by i(4).
24
Suppose -11 = -6*r + 25. Calculate the remainder when r is divided by 2.
0
Suppose -15 - 61 = 4*z. Let a be (0 - 1)*(8 + 5). Let h = a - z. What is the remainder when 16 is divided by h?
4
Calculate the remainder when (-2)/(-10) + 2 + (-1908)/(-10) is divided by 39.
37
Let d = -126 - -136. What is the remainder when d is divided by 4?
2
Let h be 2/4 + (-36)/(-8). Suppose 5*o - 5*w = h, w + 2*w + 5 = 5*o. What is the remainder when 13 is divided by o*(-1 + 6 - -2)?
6
Let i = 8 + -8. Let p = 3 - i. Suppose 2*k + 2*g - 12 = 0, 4*k + 4*g - 8*g - 16 = 0. What is the remainder when k is divided by p?
2
Let q(j) = -27*j**2 + j**3 - 7*j - 5 + 17*j**2 + 17*j. What is the remainder when q(9) is divided by 2?
0
Suppose -3*u + 117 = -0*u. Suppose -2*a - a = -u. Calculate the remainder when 24 is divided by a.
11
Let i(a) = -a**3 + 7*a**2 - 6*a + 9. Let u(y) = 5*y - 9. What is the remainder when u(5) is divided by i(6)?
7
Let x(b) = b**2 + 2*b + 2. Let y be x(-3). Suppose 3*v = y*t + 31, 0*v + t + 16 = 2*v. Suppose 15 + v = g. What is the remainder when g is divided by 8?
6
Let s(g) = -g + 3. Let y be s(4). Let d(f) = 1 - 4*f**2 + 2*f + 8*f**2 + 43*f**2. What is the remainder when d(y) is divided by 16?
14
Suppose j = -5*z + 280, 4*z = 5*j + 111 + 84. Suppose -h = 4*h - z. What is the remainder when 32 is divided by h?
10
Suppose -62 - 24 = 3*p + z, 3*p - 5*z + 110 = 0. Let s = 12 - p. What is the remainder when s is divided by 11?
9
Suppose o - 5*k - 34 = -o, 0 = 2*k. C